= 1 + 0*v + 5*v - 6*v. What is w(-3)?
4
Let j(w) = w**2 - 6. Let b(h) = h**2 - h - 6. Let q(f) = 3*b(f) - 4*j(f). Suppose -3*a - 11 = 4*l, -2*l - a = -0*a + 7. Give q(l).
-4
Let r = 6 + -3. Let x(j) = j - 6. Let q be x(r). Let h(o) = o + 3. Give h(q).
0
Let c(i) = i + 2. Suppose -3 + 23 = -5*h. What is c(h)?
-2
Let m(c) be the third derivative of 0 + 0*c + 2*c**2 + 1/12*c**5 + 0*c**3 + 1/720*c**6 - 1/24*c**4. Let k(t) be the second derivative of m(t). What is k(-5)?
5
Let m(j) be the second derivative of -j**3/6 + 5*j**2/2 - 2*j. Let d = 0 + 0. Let g be ((-2)/6*d)/(-1). Give m(g).
5
Suppose n = 6 + 1. Suppose 0 = -z + n + 1. Suppose 2*y + 2 = -z. Let m(i) = -i - 6. Determine m(y).
-1
Let v(p) = -p + 1. Let t be (96/(-16))/(0 + 1). Give v(t).
7
Let m(u) = 13 + u - 3*u**3 - 21 + 2*u**3 + 6*u**2. What is m(6)?
-2
Let p(q) = -3*q - 5. Let i(g) = -6*g - 9. Let u(j) = -2*j - 3. Let z(f) = -6*i(f) + 17*u(f). Let m(b) = 5*p(b) + 7*z(b). Determine m(-2).
-2
Let k(d) = -3*d**3 + 2*d**2 + d + 2. Let m(t) = -10*t**3 + 7*t**2 + 3*t + 7. Let v(n) = 7*k(n) - 2*m(n). Let i(z) = -z - 3. Let x be i(-2). Give v(x).
0
Let t(i) = 84*i**2 - 40*i**2 - 5 - 43*i**2 - 2*i. Suppose 2*r - 16 = -2*r. Determine t(r).
3
Suppose 0 = 5*w - 20 + 5. Let s(p) = -2*p + 3. What is s(w)?
-3
Let w(p) = p + 5. Let i be w(-4). Let d be ((-22)/33)/((-2)/9). Let h be (d/i)/((-9)/6). Let s(f) = f**2 + 1. Calculate s(h).
5
Let c(s) = 4*s**2 - s - 2. Let t(y) = -y**3 - 4*y**2 + 4*y - 3. Let p be t(-5). Determine c(p).
12
Let c(b) = -b**2 - 2*b + 1. Let s be (-1 - 2)/((-21)/35). Let p = s - 7. Let d be (p - -1)/(3/(-3)). What is c(d)?
-2
Let l(d) = -d**2 - 7*d + 9. Let v be 4/(-3)*3*2. Let g be l(v). Let q(n) = -2 + 1 - n + 7*n. Determine q(g).
5
Suppose -3*o + 16 + 14 = 0. Suppose 4*b - o = -2. Let v(q) = 2 - 3 + 6*q + q**b - 4*q. Give v(1).
2
Let m(c) be the first derivative of -3*c**2/2 + c - 1. Give m(-2).
7
Let a(y) = 2*y**2 + 1. Let p be a(-1). Let x(h) = -h**3 + h**2 + h + 3. Give x(p).
-12
Let k(y) = 5*y**2 - 2*y + 6. Let q(u) = 5*u**2 - u + 5. Let m(g) = -3*k(g) + 4*q(g). Determine m(-2).
18
Suppose 4*g + 51 = -3*b, 4*g + 0*b + 50 = -2*b. Let v = 11 + g. Let p(x) = -8*x**2 - 2*x - 1. What is p(v)?
-7
Let m(f) = 3*f + 6. Let o(b) = 5*b + 11. Let j(g) = -7*m(g) + 4*o(g). Let r be j(2). Let l(h) = -h**2 + 5*h - 10 + 0*h - h**3 - 4*h. Give l(r).
-10
Let j(c) = 2*c - 5. Let v(i) = i - 1. Let l(z) = -j(z) + 6*v(z). Calculate l(-1).
-5
Let r(s) be the first derivative of -s**2/2 + 2*s + 4. Give r(-6).
8
Let h(f) be the second derivative of -f**4/12 - 3*f**3/2 - 3*f**2 - 13*f. What is h(-6)?
12
Let c(y) = -y - 4. Let u(x) = -x - 3. Let q(f) = 4*c(f) - 3*u(f). What is q(-6)?
-1
Let u(m) be the first derivative of m**3/3 - 2*m**2 - 2*m - 9. Calculate u(5).
3
Let u(j) = -29*j + 6. Let f(p) = 19*p - 4. Let m(a) = -7*f(a) - 5*u(a). Let g(n) = n - 1. Let l(b) = -10*g(b) + m(b). What is l(-6)?
-4
Let p(h) = 9*h**3 + 9*h**2 - 2*h - 2. Let g(t) = 5*t**3 + 5*t**2 - t - 1. Let l(v) = 7*g(v) - 4*p(v). Determine l(2).
-9
Let i(u) be the first derivative of -2*u**3/3 + u**2 - 2. Give i(2).
-4
Let h(j) = -j**3 - j**2 + 3*j + 3. Let v be 2 + (-8)/(-6)*-3. Calculate h(v).
1
Let r(m) be the first derivative of m**4/4 + 2*m**3/3 + 3*m + 22. Give r(-3).
-6
Let j(w) = w**2 + 6*w - 4. Let o(a) = -3*a**2 - 17*a + 12. Let m(r) = -8*j(r) - 3*o(r). Give m(-5).
6
Let z(k) be the third derivative of -k**4/24 - k**3/6 + 4*k**2. Let d be 36/15*10/3. Let r be (-28)/d + 1/(-2). Give z(r).
3
Let u(w) be the second derivative of -w**5/20 - w**4/12 - w**3/3 - w**2/2 - 5*w. Suppose -24 = 5*r + 26. Let p be 16/(-10) + 4/r. Determine u(p).
7
Let a(w) be the second derivative of w**4/6 + w**3/6 + w**2/2 - 12*w. What is a(-2)?
7
Let c(n) = 2*n + 5. Let a(w) = 5*w + 14. Let b(o) = 3*a(o) - 8*c(o). Calculate b(-6).
8
Let z(d) = -4*d**3 - 7*d**2 + d + 4. Let a(h) = -5*h**3 - 8*h**2 + h + 5. Let f(p) = 6*a(p) - 7*z(p). What is f(2)?
-12
Let b(r) = 10*r - 1. Suppose -4*w - 6 + 2 = 0. What is b(w)?
-11
Let x(m) = -m + 8. Suppose -3*l + 17 = -1. Suppose r + 1 = l. Suppose 2*q = -4*n + 2, -q - r = -5*n - 20. Give x(q).
3
Let g(b) = b**3 + 9*b**2 + 5. Suppose -2*z + 2*n + n = 24, -z + 2*n - 13 = 0. Calculate g(z).
5
Suppose -17*p + 18*p - 2 = 0. Let n(h) = h**3 - h**2 + 3*h - 1. Calculate n(p).
9
Let p(s) be the second derivative of -s**5/20 - s**4/3 - s**3/3 - 3*s**2 + 40*s. Calculate p(-4).
2
Let p(o) be the third derivative of o**5/60 - o**4/4 + 6*o**2. Calculate p(6).
0
Let l(i) = -i**3 + 5*i**2 + 6*i - 2. Let t(d) = d**3 - 4*d**2 - 11*d. Let o be t(6). Determine l(o).
-2
Let t = 5 - 2. Suppose 0 = -2*o - 3*o + 25. Let x(u) = -4*u - o*u**2 - t - 2*u**2 + 2*u**2 + 4*u**2. Determine x(-2).
1
Let h(t) = 9*t - 100*t**2 + 9 - 1 + 101*t**2. Calculate h(-7).
-6
Let f = -2 - 2. Suppose 5*g + 75 = 5*q, 4*q = -3*g + 36 - 4. Let i(t) = -5*t**2 + 6*t + 14. Let b(n) = n**2 - n - 3. Let d(s) = q*b(s) + 2*i(s). Give d(f).
7
Let r be 3/(2 + -1) - -1. Let j(z) be the second derivative of 0 - 1/12*z**r - 3*z - 1/2*z**2 - z**3. What is j(-6)?
-1
Let w be (-4)/10 - 68/(-20). Suppose 0 = -v - w*r + 9, -v + 4*r + 9 = 21. Let b(k) = k**2 + k + 2. Give b(v).
2
Suppose -3*p + 4*q = -22, -6 = 3*p + 2*p + 4*q. Let i(n) = 2*n - 4 + 2*n**p - 3*n - n**3 - n**2. What is i(0)?
-4
Let m(h) = -4*h**2 + 1. Let j be (-12)/8 + 6/12. What is m(j)?
-3
Let b(h) = 3*h**2 - 8*h. Let v be 24/(-14)*77/(-22). Let f(z) = v*z - z**2 - 5*z - 1 + 0*z**2. Let a(s) = b(s) + 2*f(s). What is a(5)?
-7
Let t(k) = -k - 5. Let m be t(0). Let y(s) = s + 4. Give y(m).
-1
Let k(b) = -55*b - 2 + 3 + 56*b. Give k(7).
8
Let c(u) be the third derivative of -u**9/60480 + u**8/5040 - u**7/5040 + u**6/360 - u**5/30 + 3*u**2. Let w(h) be the third derivative of c(h). Give w(4).
-2
Let p(f) = f**3 + f. Let w be (-1)/(0 - (3 - 2)). Let z(j) = -3*j**3 + 2*j**2 + j + 4. Let s(o) = w*z(o) + 2*p(o). What is s(3)?
4
Let k(u) be the first derivative of -u**5/120 - 5*u**4/24 - u**3/3 + 5. Let c(w) be the third derivative of k(w). What is c(-4)?
-1
Let b(i) be the first derivative of i**2/2 - 1. Calculate b(-5).
-5
Let g = -65 - -69. Let w(n) be the second derivative of n**5/20 - n**4/3 + 2*n**2 - 2*n. Determine w(g).
4
Let h(t) = 1. Let x(j) = -j**2 + 5*j + 5. Let l(r) = -6*h(r) + x(r). Let i = -24 - -16. Let v = i + 12. Determine l(v).
3
Let t = 1 - 8. Let u be (-88)/14 + (-2)/t. Let m(w) = -w + 1. Let k(y) = 5*y - 4. Let x(s) = -k(s) - 4*m(s). Calculate x(u).
6
Let y(g) = -2*g**3 - 2 - g + 4*g**3 + 0*g - 2*g**2. Suppose -x + 94 = 2*x - 5*p, -4*x + p + 114 = 0. Let v be ((-6)/(-4))/(21/x). Determine y(v).
4
Let v(n) = -2*n - 6. Let j be v(-4). Let i(l) be the first derivative of l**5/40 - l**3 - 4. Let s(o) be the third derivative of i(o). Determine s(j).
6
Let k be 10/(-15)*30/4. Let f(q) = -q**3 - 6*q**2 - 5*q. Give f(k).
0
Let j(y) = 4*y**3 - y**2 + y + 1. Suppose -h + 6 = 2*h. Let t(l) = -l**2 + l - 5. Let d(q) = -1. Let f(c) = -6*d(c) + t(c). Let b be f(h). Calculate j(b).
-5
Let t(n) be the second derivative of -n**4/6 + n**3/2 + n**2/2 - n. Calculate t(3).
-8
Let n(x) = 4*x - 1. Let c be n(1). Let y(r) = -3 - c + r + 7 + 5. Calculate y(-4).
2
Let q(s) = s**3 - 2*s**2 - s - 3. Suppose 0 = -3*o + 2*v + 5, 0 = 4*o - 5*o - 4*v + 11. Determine q(o).
3
Let w = 20 + -15. Let j(y) = -4*y**3 - y**2. Let b be j(1). Let r = b + w. Let q(d) = d**2 + d + 6. Determine q(r).
6
Let g = -7 - -7. Let v be 3/(3 + g/1). Let h(i) = 3*i**2 - i + 1. Give h(v).
3
Let g(f) = -f - 2. Let n(j) = 2*j + 5. Let x(s) = 8*g(s) + 3*n(s). Determine x(1).
-3
Let i(b) be the first derivative of b**5/60 + 5*b**4/24 + b**3 - 3*b**2/2 + 3. Let c(n) be the second derivative of i(n). Let p = 0 + -4. Give c(p).
2
Let a(v) be the third derivative of -v**7/840 + v**6/360 + v**5/24 - v**4/8 + v**3/3 - v**2. Let c(b) be the first derivative of a(b). What is c(3)?
-6
Let i(l) = 14 - 26 + 11 + 4*l**2. Give i(1).
3
Let c(r) be the second derivative of r**5/20 + r**4/4 + r**3/3 + r**2 - 6*r. Let o(z) = -3*z**2 - z + 1. Let d be o(1). What is c(d)?
-4
Let j(h) = 5*h**2 + 1. Suppose q = -0*q + u + 5, 3*q - 11 = 2*u. Let y = q + -2. Let o = 2 + y. Give j(o).
6
Let j(x) = -x**2 + 7*x - 7. Let o be j(5). Let y(r) = r**3 - 3*r**2 + 3*r - 3. Let a be y